er when 197541 is divided by 98?
71
Calculate the remainder when 1571834 is divided by 708.
74
Calculate the remainder when 25729009 is divided by 100898.
19
Calculate the remainder when 342138 is divided by 113914.
396
Calculate the remainder when 641721 is divided by 13365.
201
What is the remainder when 112238365 is divided by 41?
4
What is the remainder when 95773 is divided by 93395?
2378
What is the remainder when 29155641 is divided by 63?
60
Calculate the remainder when 8012962 is divided by 106.
104
Calculate the remainder when 4753220 is divided by 20.
0
Calculate the remainder when 40574650 is divided by 4189.
4185
Calculate the remainder when 169938 is divided by 3852.
450
What is the remainder when 11746921 is divided by 965?
941
Calculate the remainder when 1505511 is divided by 4506.
507
Calculate the remainder when 3425335 is divided by 315.
25
Calculate the remainder when 6902874 is divided by 1.
0
What is the remainder when 55804 is divided by 1262?
276
Calculate the remainder when 17540994 is divided by 4271.
4268
Calculate the remainder when 2775450 is divided by 141.
6
Calculate the remainder when 277178 is divided by 959.
27
What is the remainder when 413887 is divided by 206943?
1
What is the remainder when 7584370 is divided by 166?
162
Calculate the remainder when 843067 is divided by 639.
226
Calculate the remainder when 74987 is divided by 24754.
725
What is the remainder when 200521844 is divided by 56?
12
What is the remainder when 392040104 is divided by 6985?
6979
What is the remainder when 98702175 is divided by 4?
3
What is the remainder when 162652 is divided by 12226?
3714
What is the remainder when 851503784 is divided by 3769?
3766
What is the remainder when 23373145 is divided by 285?
10
Calculate the remainder when 66253 is divided by 1579.
1514
Calculate the remainder when 2697792 is divided by 449631.
6
Calculate the remainder when 762357 is divided by 3869.
164
What is the remainder when 46932 is divided by 46859?
73
Calculate the remainder when 32267006 is divided by 5377830.
26
What is the remainder when 5664684 is divided by 107?
104
What is the remainder when 50856 is divided by 50700?
156
What is the remainder when 117634 is divided by 9791?
142
What is the remainder when 125349 is divided by 11373?
246
Calculate the remainder when 4346760 is divided by 235.
200
What is the remainder when 5084742 is divided by 116?
114
Calculate the remainder when 1071643 is divided by 60.
43
What is the remainder when 74531 is divided by 2325?
131
Calculate the remainder when 14862618 is divided by 6338.
8
What is the remainder when 1772094 is divided by 382?
378
Calculate the remainder when 1876437 is divided by 44.
13
Calculate the remainder when 1500889 is divided by 3547.
508
What is the remainder when 113374 is divided by 21?
16
Calculate the remainder when 38704384 is divided by 634498.
6
What is the remainder when 207984 is divided by 2747?
1959
What is the remainder when 811142801 is divided by 405571397?
7
What is the remainder when 24487557 is divided by 27?
15
Calculate the remainder when 9269601 is divided by 1175.
26
Calculate the remainder when 829969 is divided by 4636.
125
What is the remainder when 4727451 is divided by 1262?
1261
What is the remainder when 263330 is divided by 3316?
1366
What is the remainder when 803735 is divided by 803670?
65
Calculate the remainder when 11593766 is divided by 1932289.
32
What is the remainder when 2486919 is divided by 190?
9
Calculate the remainder when 1408965 is divided by 469630.
75
What is the remainder when 576249 is divided by 2?
1
Calculate the remainder when 88449 is divided by 6461.
4456
Calculate the remainder when 14894397 is divided by 320.
317
What is the remainder when 153291 is divided by 68956?
15379
Calculate the remainder when 139421 is divided by 6028.
777
What is the remainder when 3370 is divided by 187?
4
What is the remainder when 779038 is divided by 82?
38
What is the remainder when 6182444 is divided by 20?
4
Calculate the remainder when 2242629 is divided by 31.
27
What is the remainder when 29084278 is divided by 2152?
2150
Calculate the remainder when 12644011 is divided by 64.
43
Calculate the remainder when 556888 is divided by 5009.
889
Calculate the remainder when 61498 is divided by 10236.
82
What is the remainder when 1223526 is divided by 26?
18
What is the remainder when 5435766 is divided by 711?
171
What is the remainder when 31943118 is divided by 311?
308
Calculate the remainder when 4031717 is divided by 429.
404
What is the remainder when 5213569 is divided by 43?
34
Calculate the remainder when 782877 is divided by 39.
30
Calculate the remainder when 2997417 is divided by 331.
212
What is the remainder when 20296213 is divided by 1352?
1341
What is the remainder when 6421955 is divided by 12?
11
Calculate the remainder when 1177481 is divided by 61966.
127
Calculate the remainder when 49066605 is divided by 696.
693
Calculate the remainder when 205046 is divided by 29282.
72
Calculate the remainder when 1515296 is divided by 3452.
3320
What is the remainder when 223655617 is divided by 25?
17
Calculate the remainder when 710020 is divided by 236666.
22
What is the remainder when 209131 is divided by 5496?
283
Calculate the remainder when 66874 is divided by 109.
57
Calculate the remainder when 259723 is divided by 267.
199
Calculate the remainder when 875621 is divided by 291873.
2
Calculate the remainder when 60627 is divided by 1144.
1139
What is the remainder when 677096 is divided by 218?
206
What is the remainder when 197327 is divided by 5055?
182
Calculate the remainder when 3960994 is divided by 850.
844
Calculate the remainder when 431852 is divided by 35.
22
What is the remainder when 27573844 is divided by 146?
138
Calculate the remainder when 413193 is divided by 4861.
8
Calculate the remainder when 42616 is divided by 13499.
2119
Calculate the remainder when 124246025 is divided by 4141534.
5
What is the remainder when 770393 is divided by 217?
43
What is the remainder when 294251 is divided by 4457?
89
What is the remainder when 4801630 is divided by 943?
817
Calculate the remainder when 952011366 is divided by 616.
614
Calculate the remainder when 4877320 is divided by 454.
452
Calculate the remainder when 7842778 is divided by 13.
8
What is the remainder when 80735 is divided by 352?
127
Calculate the remainder when 2524134 is divided by 21.
18
Calculate the remainder when 3757331 is divided by 1878651.
29
What is the remainder when 23871 is divided by 7754?
609
What is the remainder when 95380865 is divided by 22?
19
What is the remainder when 15450367 is divided by 587?
527
Calculate the remainder when 133469 is divided by 2402.
1359
What is the remainder when 154516 is divided by 51441?
193
Calculate the remainder when 16584819 is divided by 156.
147
What is the remainder when 184154 is divided by 2833?
9
Calculate the remainder when 804338 is divided by 5.
3
Calculate the remainder when 6266070 is divided by 601.
44
Calculate the remainder when 129704 is divided by 219.
56
Calculate the remainder when 145964801 is divided by 1785.
1781
What is the remainder when 63116 is divided by 31538?
40
What is the remainder when 13495551 is divided by 272?
271
Calculate the remainder when 142731 is divided by 5589.
3006
Calculate the remainder when 2733215 is divided by 3297.
2
What is the remainder when 8248 is divided by 2858?
2532
What is the remainder when 9082 is divided by 1520?
1482
Calculate the remainder when 5687797 is divided by 2441.
267
Calculate the remainder when 923035 is divided by 496.
475
Calculate the remainder when 6883941 is divided by 448.
421
What is the remainder when 629875 is divided by 157461?
31
What is the remainder when 115482836 is divided by 3560?
3556
What is the remainder when 35296 is divided by 17026?
1244
Calculate the remainder when 1195350 is divided by 2633.
2601
Calculate the remainder when 2441967 is divided by 61049.
7
Calculate the remainder when 108093 is divided by 8299.
206
Calculate the remainder when 29754 is divided by 3318.
3210
What is the remainder when 4895172 is divided by 90?
72
What is the remainder when 1381278 is divided by 4277?
4084
Calcul